h/(-11) + (-909)/(-99).
3
Let c = -13 - -13. Suppose 12 = -2*i - c. What are the prime factors of (-146)/i - (-2)/(-6)?
2, 3
Let j = 3930 - 309. What are the prime factors of j?
3, 17, 71
Let f(c) = 0 - 8 + 6 + 4*c - 5*c**2 - 14 - c**3. Let a be f(-6). What are the prime factors of (-15)/(-20) + (-9)/a?
3
Suppose -3*m = -2*v + 5*v - 9, -5*m + 4*v + 60 = 0. Suppose m + 0 = 2*f. Suppose 0*t = -f*t + 152. What are the prime factors of t?
2, 19
List the prime factors of 287/1 + -1 + -4.
2, 3, 47
Suppose 16 - 61 = 3*t. Let b = 10 - t. Let c = 42 - b. List the prime factors of c.
17
Suppose 12 = -3*f + 3*i, -f + i - 12 = -2*i. Suppose -p + 144 = 2*d + 51, p - 3 = f. Suppose 7*h - 10*h = -d. What are the prime factors of h?
3, 5
Let f = 26 + 18. Let r = 13 + f. What are the prime factors of r?
3, 19
Suppose 15 = 5*n - 0*n. Suppose -3*s - 2*x + 5 = n*x, 5*s + 2*x - 21 = 0. Suppose -230 = -5*j + s*g, -2*j - 5*g + 3*g = -72. List the prime factors of j.
41
Suppose 4*u + 0*q - 598 = -2*q, 2*u - 4*q = 274. What are the prime factors of u?
3, 7
Let s(b) = -6 + 15*b + 9 + 10 + 3 + b**2. Let h be s(-12). Let t = 32 + h. List the prime factors of t.
2, 3
Let u be 168/(-9)*((-3205)/10 - -1). Suppose -9*c = 12*c - u. List the prime factors of c.
2, 71
Let i be (-15)/(-9)*18/15. Suppose -2*b = -i*f + 150, 5*f - 171 = 2*b + 213. List the prime factors of f.
2, 3, 13
List the prime factors of (-38880)/(-10) - 40/(-5).
2, 487
Suppose -13*i + 69 - 160 = 0. List the prime factors of 20/(-70) - 1500/i.
2, 107
Let i = 11658 + -7624. What are the prime factors of i?
2, 2017
Let x(s) = s + 32. Let d be x(0). Suppose -2 = n + 5*c - d, 3*n + 2*c - 25 = 0. Suppose 0 = -n*q + 211 - 21. List the prime factors of q.
2, 19
Let y = -463 - -539. What are the prime factors of y?
2, 19
Suppose 3*o + 12 = 48. Suppose 2*b = a - 6, 5*a - b + 0 = o. List the prime factors of -4*a/(-8) - -22.
23
Suppose -1497 = m - 6349. List the prime factors of m.
2, 1213
Let l(r) = -r**2 - 10*r + 37. Let n be l(-13). What are the prime factors of 8/((-8)/(-2))*(66 - n)?
2, 17
Let b = -9 + 6. Let q(h) = -3*h - 7. Let o be q(b). What are the prime factors of -2 + 82*1/o?
3, 13
Let q be (-11)/2*(-20)/(-5). Let w = q - -40. Suppose -11*g + 8*g + w = 0. List the prime factors of g.
2, 3
Suppose v + 5*v - 204 = 0. Suppose -v = -w + 19. Suppose 0*c - 4*c + w = 3*x, -3*c = 5*x - 37. List the prime factors of c.
2, 7
Suppose -8*m + 58 + 542 = 0. What are the prime factors of m?
3, 5
Let u be 8934/24 - 2/8. Let s = u - 205. List the prime factors of s.
167
List the prime factors of 9 + (-19)/(19/(-630)).
3, 71
Suppose -2 + 8 = -z. What are the prime factors of 224 + (8 + 2 + z - 6)?
2, 3, 37
Suppose -5*t + 4760 = 7*l - 9*l, -5*t - 4*l + 4790 = 0. What are the prime factors of t?
2, 3, 53
Let f = 12 + -15. What are the prime factors of 10 + 1*(6 + f)?
13
Suppose -6*f = -5*n - f - 10, 4*n = 2*f - 4. List the prime factors of ((n - 2) + (-13 - -157))/1.
2, 71
Let g = -3051 - -6875. List the prime factors of g.
2, 239
Let y(l) = 104*l + 41. List the prime factors of y(9).
977
Let a be 4/14 + 8556/42. Let z = -29 + a. Suppose -4*j + q + z = 52, 0 = -2*j + 2*q + 66. List the prime factors of j.
2, 3, 5
Let s = -878 - -1094. List the prime factors of s.
2, 3
Let b(s) be the third derivative of s**4/12 + 2*s**3/3 + 3*s**2. Let v be b(0). Suppose -l + v*l - 14 = -a, -3*a + 2*l = -20. List the prime factors of a.
2
Let n = 13 - 9. Suppose 3*z = -3*k - 33, z - 5 = n*k + 4. What are the prime factors of z + 6 + -3 + 74?
2, 5, 7
Let s(p) = -p**2 + 3*p - 2. Let z be s(1). Suppose z = -i + 6*i - 495. List the prime factors of i.
3, 11
Let f = -389 + 208. Let z = -93 - f. List the prime factors of z.
2, 11
Suppose -3*i + 3*c = -870, -5*c = 7*i - 3*i - 1169. What are the prime factors of i?
3, 97
Let n(l) = -5*l**3 + 7*l**2 - 11*l - 9. Let q(a) = -6*a**3 - 8 - 5*a + 6*a**2 + 0*a**2 - 8*a + 2*a. Let x(r) = 5*n(r) - 4*q(r). List the prime factors of x(9).
2, 5
Suppose -4*v - 5*s + 9 = -6, 0 = 5*v + 2*s - 23. Suppose 4*w + 74 - 9 = m, 389 = v*m - 4*w. What are the prime factors of m?
3
Let d be (7/(-21))/((-1)/12). Suppose d*b = -0*b + 112. List the prime factors of (b/3)/((-2)/(-3)).
2, 7
Let o(i) = -i + 13. Let c be o(13). Suppose -h + 0*h = -5*w + 7, c = -2*h + 2*w + 2. What are the prime factors of h?
3
Suppose -14*b = -4*d - 10*b + 3760, 0 = 2*d + 3*b - 1855. List the prime factors of d.
5, 11, 17
Suppose -2*r + 645 = z + 4*z, 0 = -z - 4*r + 147. List the prime factors of z.
127
Let m = 3818 + -2657. List the prime factors of m.
3, 43
Suppose -39 = -11*n - 2*n. Suppose -n*z + 3*b = -8*z + 120, z = 2*b + 11. List the prime factors of z.
3, 7
Let r = -1013 - -1931. What are the prime factors of r?
2, 3, 17
Let c(z) = -63 - 13*z - 4*z + 2*z + 29. List the prime factors of c(-16).
2, 103
Let y = -24 - -26. Suppose -26 = 4*i + 3*j - j, y*i - j = -7. What are the prime factors of (-11 - i)*(-13 + 1)?
2, 3
Let h = -4 + -2. Let k(i) = i**3 + 7*i**2 + 7*i + 1. Let g be k(h). What are the prime factors of (112/(-20))/(2/g)?
2, 7
Suppose -5*u + 3*f = -10 - 90, -40 = -2*u - 4*f. List the prime factors of u.
2, 5
Let f(l) = 56*l**2 - 2*l + 1. Suppose -5*k + 2*w = -13, -4*k - 2 = -2*k + w. What are the prime factors of f(k)?
5, 11
Let q(i) = -2*i**3 + 14*i**2 + 5*i. Suppose -2*h + 22 = -4*d, 35 = 4*h + d + 9. List the prime factors of q(h).
5, 7
Let w = 315 + -1. List the prime factors of w.
2, 157
Suppose 3*n + 5*p = 577, -2*n - 3*n - p + 969 = 0. Let x = n - 138. Suppose 0 = 4*z - x - 48. What are the prime factors of z?
2, 13
Suppose 3*o - 13 = -4. Let a(l) = l**3 - 3*l**2 + 5*l + 1. What are the prime factors of a(o)?
2
Let l(h) = 7*h**2 - 2*h + 1. Let k(f) = f**2 - 3*f - 3. Let u be k(4). Suppose 11 = -5*y + u. What are the prime factors of l(y)?
3, 11
Let j(u) = u**2 - 11*u - 14. Let o be j(12). Let l(b) = -9*b**3 + 2*b**2 + 3*b - 2. What are the prime factors of l(o)?
2, 3
Let d(w) = 49*w**2 - 23*w + 41. List the prime factors of d(2).
191
Let p(j) = -3*j - 2. Let v be p(2). Let q be ((-2)/v)/((-7)/(-1988)). Suppose -b + q = 4*g, b - 55 - 33 = -5*g. What are the prime factors of g?
17
Suppose 9*x + 189 = 2826. What are the prime factors of x?
293
Suppose j - 3 = -3*b, 0*b + 15 = j - b. Let a(p) = -2*p - 23. Let i be a(-15). What are the prime factors of (j/i)/(2/7)?
2, 3
Let j(s) = -2*s**3 + 33*s**2 + 49*s - 20. List the prime factors of j(15).
2, 5, 139
Suppose 22 = 4*z + f, 0 = -z + 6*f - f - 5. Suppose 67 = 5*o + g - 160, -5*o + 215 = z*g. What are the prime factors of o?
2, 23
What are the prime factors of (2286/10)/(205/25 - 8)?
3, 127
Let r be 5 - 7/(7/2). Suppose 541 = 5*u - x, 4*x - x = r*u - 327. Suppose -3*z + 2*d = -106, 3*z - u = -z - 4*d. What are the prime factors of z?
2
Let u(h) = -h**3 - 19*h**2 - 19*h - 11. Let f(l) = -l**3 - 14*l**2 + 2*l + 10. Let n = 11 - 25. Let t be f(n). List the prime factors of u(t).
7
Let t be (210/28)/(1/(-2)). Let d = t - -14. List the prime factors of (13/(-39))/(d/75).
5
Suppose 0 = -j + 3*g + 2397, 12039 = -0*j + 5*j + 3*g. List the prime factors of j.
2, 3, 401
Let x = -608 - -1143. What are the prime factors of x?
5, 107
Suppose -202 = -3*x + x. Let h = x - 54. List the prime factors of h.
47
Let y(c) = 2*c**2 - 25. What are the prime factors of y(-13)?
313
Let y = -2080 - -5020. What are the prime factors of y?
2, 3, 5, 7
Let g(p) = -p**2 - 7*p - 9. Let w be g(-7). What are the prime factors of ((0 + -1)*-83)/(w + 10)?
83
Let d = 249 - -399. Suppose 0*t = 6*t - d. What are the prime factors of t?
2, 3
Suppose 0 = 6*a - 8*a + 400. Suppose 0 = -2*i - 2*i + a. What are the prime factors of i?
2, 5
Let m = -264 + 764. What are the prime factors of m?
2, 5
Let d(h) = 2*h**2 + 29*h + 176. List the prime factors of d(-45).
23, 127
Let b be (-1)/2*10/1. Let v be (b/3)/((-2)/6). Suppose -3*r = -v*r + 46. List the prime factors of r.
23
Let u = -38 - -66. Let l = -24 + u. Suppose -j + l*j - 2*r = 10, 4*j = -r + 6. What are the prime factors of j?
2
Suppose -3*l + 7 = -2. What are the prime factors of l?
3
Suppose 47*t - 1165 = 4569. What are the prime factors of t?
2, 61
Let g(s) = -s - 1. Let x(q) = -q**2 + 2*q + 3. Let l(y) = -g(y) - x(y). Let t be l(0). List the prime factors of 4/(